14
Suppose 28 = -4*s, -655*s - 2999 = -2*g - 656*s. What is the greatest common factor of 6179 and g?
167
Let t be (-108)/(-18) - (-2 - -8). Suppose t = 25*m - 40*m + 90. Calculate the highest common factor of 174 and m.
6
Let g(z) = -5*z**3 - z**2 - 2*z - 1. Let v be g(-1). Suppose v + 51 = y. Suppose -121 = 99*c - 353 - 560. What is the highest common divisor of y and c?
8
Suppose -11*f - 890 = -2914. Calculate the greatest common factor of f and 1416.
8
Suppose -153 = 4*x + 3*m, x = -x + 5*m - 57. Let g be (3/(-6))/(3/x). Let p be (-11)/((-165)/50)*g. What is the greatest common divisor of 50 and p?
10
Suppose -3*g = -30 - 24. Suppose 5*h - w + 1440 = 6*h, -5*w = -2*h + 2894. Let y = h - 1352. Calculate the greatest common divisor of y and g.
18
Suppose 0 = -4*j + 20, 2*t + 265 = -7*j + 2*j. Let v = -89 - t. Calculate the highest common divisor of 392 and v.
56
Let o(k) = k**2 + k - 2. Let v be o(-5). Suppose 200*i - 10 = 202*i. Let g be i/(1/27*27/(-18)). What is the greatest common divisor of g and v?
18
Suppose 0*d - 134 = -2*d. Let c be 806/6 + 1*(-6)/18. What is the highest common factor of d and c?
67
Suppose -5*m = 68 - 238. Suppose 5*p - 1489 = 4*c + 320, 4*p + 2*c - 1416 = 0. What is the highest common factor of m and p?
17
Let g = 3209 + -3204. Suppose 24 = -n + 119. Calculate the greatest common divisor of g and n.
5
Let r = 5370 - 5274. What is the highest common divisor of r and 12?
12
Let c(y) = -y**2 + 76*y + 593. Let g be c(-7). What is the highest common factor of g and 18768?
12
Let i be (0 + -18)/(-3) - 3. Suppose -3*d + 292 = -2*o, -i*d + 95 + 182 = o. Calculate the greatest common factor of d and 235.
47
Let l(w) = -6460*w - 2426. Let f be l(-6). What is the greatest common factor of 74 and f?
74
Suppose 4*j + 17 = n + 7, -n + 5*j + 11 = 0. Suppose -n*u = -737 + 197. Suppose 0*x + u = 5*x. Calculate the greatest common factor of 54 and x.
18
Suppose 7*l + 3468 = 19*l. Let n = 542 - l. What is the highest common factor of n and 23?
23
Let s be 1/(-2*(-1 - 45/(-48))). Suppose -s*b + 288 = 8*b. Calculate the highest common divisor of b and 756.
18
Suppose 5*w - 2*z = 2377, 1429 = -20*w + 23*w - 4*z. What is the greatest common factor of 152 and w?
19
Let h(u) = -35*u + 449. Let t be h(-8). What is the greatest common factor of 549 and t?
9
Let o be 165/99 - (-16)/3. Let r be (-58)/(-10) + (-24)/(-90)*-3. What is the greatest common divisor of r and o?
1
Suppose -r - 4*r - 10 = 0, -4*r = -4*f + 872. What is the highest common divisor of 96 and f?
24
Let j(w) = 1953*w + 11830. Let k be j(-6). What is the greatest common divisor of 2384 and k?
16
Suppose 0 = 5*j - 3*z - 67, 0 = -j + z - 7 + 20. Suppose 0 = j*i - 3*i - 847. What is the highest common factor of i and 693?
77
Let z(n) = -3*n**2 - 27*n - 6. Let j be z(-8). Suppose 13*h + 15 = j*h. Calculate the greatest common factor of 27 and h.
3
Suppose 59*u - 55*u + 1393 = 5405. Calculate the greatest common divisor of u and 118.
59
Suppose 2*r = r - 4*r. Suppose -l = -5*j + l + 116, r = -2*l + 4. What is the highest common factor of 16 and j?
8
Let a = -1148 - -2665. Calculate the highest common divisor of 943 and a.
41
Let n be 6 - 501/(-33) - 1/((-99)/(-18)). What is the greatest common factor of n and 973?
7
Let x be -2 + 23102 - 24/(-51)*-17. What is the greatest common factor of x and 23?
23
Let w = 296 + -293. Suppose -2 - 22 = -4*c + w*p, -4*p = 4*c - 52. What is the highest common factor of 15 and c?
3
Let q(z) = z + 1. Let p(c) = -5*c + 52. Let x(t) = -p(t) + 6*q(t). Let o be x(11). What is the highest common factor of 125 and o?
25
Let o(z) = 13*z**2 - z**3 + 305*z - 315*z + 8*z**2. Let h be o(6). Calculate the highest common divisor of 30 and h.
30
Let h(p) = 5*p**3 - 3*p**2 - 4*p - 9. Let r(l) = -l**3 + 7*l**2 + 3*l - 17. Let i be r(7). Let b be h(i). Calculate the greatest common divisor of b and 19.
19
Suppose 0 + 8 = 4*c, 0 = -p + 2*c + 2. Suppose 3*w + 4*y + 44 = p*w, -3*w - 4*y + 28 = 0. Calculate the highest common divisor of 42 and w.
6
Suppose 9*o - 14*o = 7*o - 768. Calculate the greatest common factor of o and 100.
4
Let d(z) = z**3 + 6*z**2 - 25. Let y be d(-5). Suppose y = 21*b - 26*b + 750. What is the greatest common divisor of 25 and b?
25
Let b(q) = 24*q. Let c be b(2). Let r = 41098 + -40538. Calculate the greatest common factor of c and r.
16
Let x be (-4)/6 - 2192/(-3). Let a = -3432 + 3442. What is the highest common factor of a and x?
10
Suppose 30*l - 51*l = -1365. Let p = 120 - 107. Calculate the highest common divisor of l and p.
13
Suppose 28267 = -76*p + 202687. Calculate the greatest common divisor of p and 1485.
135
Suppose -5*c + 5*b - 60 = -6*c, 0 = -3*c + 5*b + 120. Calculate the greatest common factor of c and 40.
5
Let l(h) = 61*h**2 + 3*h + 3. Let n be l(-1). Let b = n - 47. Suppose -b*i = -10*i - 264. Calculate the highest common divisor of i and 99.
33
Let u be 1/((-5)/(-9799)) - (-52)/260. Let o be (-4)/3 + u/30. What is the highest common factor of o and 16?
16
Suppose 36*b - 3331 = -2143. Calculate the highest common factor of 1771 and b.
11
Let i be (-5 - 38585/(-155)) + 26/403. What is the highest common divisor of i and 4?
4
Suppose -3*i + 2*g = -2*i - 24, 5*i - 3*g - 141 = 0. Let b = -69 + 76. Suppose -11*d + b*d + 60 = 0. What is the greatest common factor of i and d?
15
Suppose -10547*d = -10474*d - 227249. Calculate the highest common factor of d and 22.
11
Suppose 11*q - 10*q = 532. Let x = -367 + q. What is the greatest common divisor of x and 66?
33
Let r be 5*(-3)/3 + 37 + 61. Suppose 0 = -2*d + 4*c + 112, -4*d - 2*c = -154 - 100. Calculate the highest common divisor of d and r.
31
Let g = 92 + -91. Let u = g + 79. Let q = -24 + u. Calculate the highest common divisor of 280 and q.
56
Let i = 11142 + -10914. What is the greatest common factor of i and 1976?
76
Let b be (-7)/(-1) - (152 - 193). What is the greatest common factor of b and 984?
24
Let m be (120/(-48) - (-2)/4) + -1 + 303. Calculate the greatest common factor of 1460 and m.
20
Let a(c) = 2*c**2 + 9*c - 6. Suppose -24 = -18*z + 14*z. Let u be a(z). Suppose -2*t = 2*t - u. Calculate the greatest common factor of 20 and t.
10
Suppose 3 = 2*j + 2*f - 3, 5*j + 6 = 2*f. Let o be (j - 66) + (0 - 1). Let w = -26 - o. What is the highest common divisor of 328 and w?
41
Suppose 1548 + 328 = 4*p. Let b = p - 284. What is the greatest common factor of b and 37?
37
Let k be (0*(66/12 + -6))/3. Suppose k = 15*a - 390 - 600. Calculate the greatest common factor of a and 693.
33
Suppose -2*p + 44 = 3*h, 3*h = 4*h + 5*p - 19. Let t be 12/10*(-35)/(-3). What is the highest common divisor of h and t?
14
Suppose -16*m - 4030 = -4126. Calculate the highest common factor of 1866 and m.
6
Let l(h) = -h**3 - 82*h**2 + 97*h - 1028. Let s be l(-84). What is the greatest common divisor of s and 16?
8
Let n(s) = s**3 - 10*s**2 - 16*s + 10. Let b be n(13). Suppose -9 + b = 2*k. Let o be 6/(-3) + 2 + k. Calculate the greatest common divisor of 30 and o.
30
Suppose -363*m + 136 = -361*m. Suppose 2*k - 378 = -d, -k - 2*d + 175 = -5*d. What is the greatest common divisor of m and k?
17
Suppose -18*j - 1344 = 1410. Let t = j - -285. What is the greatest common divisor of t and 24?
12
Let h be 3743 + (-16 - -22) - 14. What is the highest common divisor of 90 and h?
45
Suppose 1662 = 89*p - 474. Let d = -270 + 139. Let n = 347 + d. What is the greatest common factor of n and p?
24
Suppose 72*v + 42737 = 145841. What is the greatest common divisor of v and 24?
8
Suppose 0 = -51*u - 848420 + 2472515. Calculate the greatest common factor of u and 165.
165
Suppose 5*p - t - 29259 = 12811, -p + 8390 = -5*t. What is the highest common divisor of 60 and p?
15
Let q = -43 - -187. Suppose 0 = 15*w - 37 + 7. Suppose 4*i = -w*m + 82, -62 = -2*i - 2*i + 2*m. What is the highest common divisor of q and i?
18
Let m = -290 + 299. Suppose 0 = -m*f + 200 + 187. What is the greatest common factor of 215 and f?
43
Suppose 0 = -75*x + 70*x - 10. Let b be 13*18/117 + (-276)/x. What is the highest common factor of 28 and b?
28
Let t = -5472 - -5736. What is the highest common divisor of t and 16764?
132
Suppose -10 = 2*y, 0 = 5*m + 2*y + 148 - 643. Suppose -539 - m = -4*z. What is the highest common div